{"id":18,"date":"2019-01-07T19:50:48","date_gmt":"2019-01-07T18:50:48","guid":{"rendered":"http:\/\/unterkunft-luetzen.de\/?page_id=18"},"modified":"2024-10-28T13:04:04","modified_gmt":"2024-10-28T12:04:04","slug":"startseite","status":"publish","type":"page","link":"https:\/\/unterkunft-luetzen.de\/","title":{"rendered":"Home"},"content":{"rendered":"<p>Willkommen bei Fam. Popp, wir freuen uns, Sie vielleicht demn\u00e4chst als Gast auf unserem Hof begr\u00fc\u00dfen zu d\u00fcrfen. Buchungsanfragen senden Sie bitte per Kontaktformular oder Email an info@unterkunft-luetzen.de. Gern stehen wir Ihnen auch unter (034444) 428384 oder (0176) 21647797 telefonisch oder per WhatsApp zur Verf\u00fcgung.<\/p>\n","protected":false},"excerpt":{"rendered":"<p>Willkommen bei Fam. Popp, wir freuen uns, Sie vielleicht demn\u00e4chst als Gast auf unserem Hof begr\u00fc\u00dfen zu d\u00fcrfen. Buchungsanfragen senden Sie bitte per Kontaktformular oder Email an info@unterkunft-luetzen.de. Gern stehen wir Ihnen auch unter (034444) 428384 oder (0176) 21647797 telefonisch oder per WhatsApp zur Verf\u00fcgung.<\/p>\n","protected":false},"author":1,"featured_media":0,"parent":0,"menu_order":0,"comment_status":"closed","ping_status":"closed","template":"","meta":{"footnotes":""},"class_list":["post-18","page","type-page","status-publish","hentry"],"_links":{"self":[{"href":"https:\/\/unterkunft-luetzen.de\/index.php?rest_route=\/wp\/v2\/pages\/18"}],"collection":[{"href":"https:\/\/unterkunft-luetzen.de\/index.php?rest_route=\/wp\/v2\/pages"}],"about":[{"href":"https:\/\/unterkunft-luetzen.de\/index.php?rest_route=\/wp\/v2\/types\/page"}],"author":[{"embeddable":true,"href":"https:\/\/unterkunft-luetzen.de\/index.php?rest_route=\/wp\/v2\/users\/1"}],"replies":[{"embeddable":true,"href":"https:\/\/unterkunft-luetzen.de\/index.php?rest_route=%2Fwp%2Fv2%2Fcomments&post=18"}],"version-history":[{"count":7,"href":"https:\/\/unterkunft-luetzen.de\/index.php?rest_route=\/wp\/v2\/pages\/18\/revisions"}],"predecessor-version":[{"id":325,"href":"https:\/\/unterkunft-luetzen.de\/index.php?rest_route=\/wp\/v2\/pages\/18\/revisions\/325"}],"wp:attachment":[{"href":"https:\/\/unterkunft-luetzen.de\/index.php?rest_route=%2Fwp%2Fv2%2Fmedia&parent=18"}],"curies":[{"name":"wp","href":"https:\/\/api.w.org\/{rel}","templated":true}]}}